4) + 0?
-4
What is (4 + -5 - -4 - 11) + 1?
-7
What is the value of -3 - (-3 + 7) - (-27 + 24)?
-4
Calculate (9 + 4 - 29) + 6.
-10
What is the value of (7 - 8) + -2 + (-1 - -10)?
6
(-114 - -105) + (0 - -7)
-2
What is 0 - ((5 - (6 - 0)) + -5)?
6
(-3 - (9 - 5)) + 3 + 7
3
What is 2 - (5 - (-3 + 9))?
3
Evaluate -4 + -4 + 8 + 0 + 4.
4
Calculate (0 - -3) + (4 - (1 + 5)).
1
Calculate (8 - (8 + -5)) + 3 - 12.
-4
8 + -11 - (-6 + 5 + -2)
0
Evaluate (16 - 7) + -4 - (2 - 0).
3
What is 7 - (-3 - -6) - -3?
7
What is the value of 2 + (-1 - 3) + (4 - -2)?
4
Evaluate 1 + -7 - (3 + -7 - 0).
-2
What is the value of -2 + 9 - (-2 - -8)?
1
Calculate 2 + -7 + 1 + 5.
1
Calculate (-17 + 5 - -2) + 7.
-3
What is the value of -2 - -11 - (1 + -9 + 10)?
7
What is (5 - 4) + 4 + -3?
2
What is the value of 2 + 1 + (12 - 4) + -7?
4
What is 4 + (9 - (9 + -1))?
5
Evaluate -43 - -56 - (0 + 3 - -2).
8
What is 14 + -17 - (1 - 2)?
-2
What is the value of (1 - -3) + 58 + -62?
0
What is 8 + -1 - (-3 + 5)?
5
1 + (0 + (-2 - -2) - 6)
-5
What is the value of 4 + 6 + -4 - (7 + -1)?
0
What is 2 - (-2 + 4 + 1 + -5)?
4
What is the value of -48 + 43 - (1 + -5)?
-1
(3 - 1) + 6 + -2
6
0 - -9 - (2 + 1)
6
Evaluate -2 + (4 - 1) + 2.
3
Evaluate (-10 - -4) + 1 - (1 + -11).
5
Calculate -2 + 3 - -1 - 0.
2
-2 + 8 + (-1 - 11)
-6
What is the value of (4 - (-8 - -12)) + (0 - -4)?
4
What is 8 + (1 + -1 - (16 + -11))?
3
What is -2 - (-5 + 16 + (-5 - -1))?
-9
What is the value of 10 + -20 + 9 - (6 + -14)?
7
Calculate 4 + -2 + 1 + (-4 - -4).
3
What is -6 - -18 - 1 - 6?
5
11 + -6 - (2 - -3 - 1)
1
Calculate -1 - (-1 + -1 + -2) - 0.
3
What is -4 - (0 + -4 + 3) - -4?
1
Calculate -3 + (15 - 7) - 10.
-5
Evaluate (8 + -2 - 3) + 1 + -6.
-2
0 + (5 - (3 - -1) - 4)
-3
What is 2 + (4 + -8 - -4) + 3?
5
2 - 2 - (-4 - -3)
1
Evaluate 7 + -5 + 2 + 0 - 7.
-3
Evaluate (-3 - (-2 + -2) - 0) + 1.
2
What is 0 - ((-3 - (-2 - -2)) + 7)?
-4
What is 5 - (-4 + -1 + (22 - 8))?
-4
What is 5 - 2 - 3 - (1 - -2)?
-3
What is (8 - 4) + -1 + (-5 - -2)?
0
Evaluate -12 + 5 - -5 - -3.
1
-4 + 0 + 5 + -2 + 6
5
7 + -2 - (-2 + -7 + 16)
-2
Calculate 2 - (-11 + 11 + -4).
6
Evaluate -5 - (-15 + (0 - -5) + 5).
0
What is the value of 15 + (6 - -3) + -21?
3
What is 0 + (6 - 1) + -2?
3
Calculate 0 + (-1 - 0) + 108 + -102.
5
What is 2 + 2 - 4 - 5?
-5
Evaluate 4 + -6 + -2 - -7.
3
3 + (2 + -4 - -5)
6
Calculate -1 - (-1 + 2) - -6.
4
(2 - -5) + -2 - 1 - 1
3
Calculate 7 - (10 + (4 - 8)).
1
Calculate -1 - -6 - (-15 + 23).
-3
-3 - (10 + -5) - (9 + -12)
-5
Calculate -4 - -1 - (-8 + (5 - 4)).
4
What is the value of -6 + (7 - (11 + -7))?
-3
Calculate 15 + -10 + 4 + -2.
7
-4 + 1 + (6 - 4) + 0
-1
-4 - (-4 + (0 - 0) + -3)
3
Evaluate -3 - 5 - (-10 - (8 - 15)).
-5
Evaluate -30 + 28 - (0 + -7).
5
Calculate 19 - (5 - (7 + -12)).
9
Evaluate -4 - -6 - (1 + -1 - 0).
2
What is (31 + -38 - (0 - 4)) + 12?
9
0 + -5 + (49 - 48)
-4
What is 0 - (1 + (9 - 3))?
-7
Calculate (-4 - 2) + 9 + 0.
3
What is (4 - 7) + (-9 - -4) + 6?
-2
What is (1 + -2 - -1) + 66 + -63?
3
Calculate 33 - 29 - (-1 - 1).
6
What is the value of -2 + 0 + (8 - (7 + 0))?
-1
Calculate -6 - (-90 + 91 - (0 - -5)).
-2
What is the value of 1 + (-5 - -12) + -7?
1
1 + -4 + (2 - 2) + 3
0
What is 6 + (3 - 9) - -10?
10
What is 8 + (-5 + -2 + 2 - -4)?
7
Evaluate 6 - (1 - (-3 + -2)).
0
Evaluate -3 + (6 - 3) - (0 + 7).
-7
Calculate -16 + 2 - (-4 + -3) - 3.
-10
What is -1 - (2 + -2 + 2 - 2)?
-1
Evaluate (-3 - 0 - -14) + (-3 - 3).
5
Evaluate 7 + -6 + -2 - -2.
1
What is -6 - (-5 + (0 - -3))?
-4
Calculate (-4 - -6) + 2 + (-1 - -2).
5
Evaluate 0 + -4 + 0 - -6.
2
Calculate 8 + -3 + -3 - (16 - 20).
6
What is 4 + 1 + -11 + 13 + -6?
1
(-1 - 6) + (132 - 133)
-8
-2 + -8 + 4 + 2 + -3
-7
0 - (3 - (-4 + (0 - -3)))
-4
What is -2 - (-5 + -1 + 0)?
4
-1 + -3 + 1 + 2 + 4
3
What is (-1 - -1 - 2) + -5 + 5?
-2
What is the value of 14 + -4 + 8 - 14?
4
What is (-4 - (2 + -3)) + 1 + -3?
-5
-7 - (0 + 3 - 6 - -1)
-5
Evaluate 0 - -5 - (7 + -10 + 9).
-1
(4 - 5) + (3 - 1)
1
What is the value of 5 + (-1 - 1) + -4?
-1
Calculate 3 - 8 - -7 - -1.
3
(-8 - -19) + -12 + (4 - -2)
5
Calculate 5 - (2 - 0) - 8.
-5
Evaluate -13 + 11 - (5 - (-1 + 3)).
-5
What is (1 - 6) + -28 + 27?
-6
Evaluate 2 + 4 + -2 + 0 - 7.
-3
Evaluate 8 + (2 + (2 - 1) - 10).
1
Evaluate -7 + 12 - (4 + 2).
-1
What is -6 + (2 - 0) + 3?
-1
Calculate 1 - (7 + 0 - 4).
-2
Evaluate -14 - (0 - 5 - (63 + -63)).
-9
Calculate (-2 - -6) + -8 - 1.
-5
What is -3 + (3 - (-1 - -2)) + 7?
6
Calculate 9 + (10 - 25) - -9.
3
Evaluate 2 + (3 - -3) + -16 + 0.
-8
Evaluate (-29 - -28) + 2 + -1.
0
Evaluate -15 + (10 + 2 - 3).
-6
What is 4 - 6 - (8 - 7) - -8?
5
Calculate (5 + 4 - 2) + -9 + 3.
1
What is 1 + 8 + 1 + -5?
5
What is 11 - 2 - (-17 - -21)?
5
What is (-8 - -8) + -6 + 2?
-4
What is the value of 2 + 6 - (0 + (10 - 4))?
2
What is the value of 10 + -4 + (3 - 0) + -6?
3
Evaluate (1 - -3) + -6 + -2.
-4
What is the value of 1 - 0 - (-1 - -1)?
1
Calculate 7 - (0 - (4 + -6)).
5
Calculate -10 + 4 + 4 - (-3 + 0).
1
Calculate (6 - 0) + 4 + -7 + -2.
1
What is the value of (-3 - -2 - 2) + 1?
-2
What is the value of 12 + -3 + -11 + 2 + -1?
-1
(4 - (2 - (1 + 1))) + 1
5
What is the value of -5 + 6 + 3 + -2 - 4?
-2
Evaluate -2 + (-2 - -5) + -8.
-7
Evaluate -11 + 10 + (1 - 4).
-4
Evaluate 10 - (-3 - (-27 + 9)).
-5
What is the value of -6 + 3 + -6 - -4?
-5
0 + 4 + 6 + -6
4
What is -3 + 3 + (-6 - -6 - -5)?
5
Evaluate 20 + -22 - (-14 + 1).
11
What is the value of (3 - 4) + (12 - 15)?
-4
Calculate 5 + -1 + -14 + 6.
-4
What is -3 + -9 + 6 + 9?
3
3 + (-1 - 5 - -4) + 1
2
Calculate 7 + 1 - (-42 + 50).
0
Evaluate 0 + (2 - ((-2 - -3) + -1)).
2
Calculate -3 - (3 - (7 - (0 + 3))).
-2
What is the value of -2 - (2 - (2 + -6 + 3))?
-5
What is the value of 60 - 52 - (-1 + 8) - 7?
-6
What is the value of 9 - (6 + -6 - -3)?
6
What is the value of (4 + 1 - 1) + -1 + -2?
1
Calculate -10 - (-6 - (9 - 6)).
-1
What is 2 + 4 - (13 - 4)?
-3
Calculate 4 + 0 + -3 - -3.
4
Evaluate 35 - 41 - (-2 + -7).
3
What is (-7 + 10 - 3) + -6?
-6
-6 + 3 + (6 - 1)
2
Calculate -1 + -1 + (22 - 5 - 16).
-1
What is the value of (-1 - 0) + (0 - (-9 + 4))?
4
What is (1 - 5) + 4 + -1?
-1
What is (-4 - -2) + 2 + -1?
-1
What is -12 + 3 + -3 + 7?
-5
Evaluate -1 - (0 - 5) - 0.
4
What is (-14 - -11) + (1 - (1 - 6))?
3
Calculate -2 - ((-2 - -5) + -5 + 6).
-6
What is the value of -3 + -4 + 4 + 5?
2
Evaluate -9 + (10 - 12) + 3 + 2.
-6
What is the value of -1 - (4 + -22 + 7)?
10
Calculate -3 + 4 - (1 + 2 + -3).
1
What is -3 + (-1 - 1) - -8 - 10?
-7
What is 0 + -1 + 6 - 8 - -2?
-1
Evaluate (1 + 1 - (2 - 3)) + 1.
4
What is -2 + 0 + (6 - 7)?
-3
Evaluate 1 + 5 + -1 + -2 + 0.
3
Calculate 0 - -1 - (-1 - (1 + -1)).
2
Evaluate 0 + (-5 - (-2 + -2)).
-1
Calculate 3 - (-2 + -1 + 10).
-4
(13 - 6 - 3 - -3) + -3
4
Calculate -2 + -3 + (9 + -16 - -7).
-5
What is the value of -6 + (5 - 3) + -2 + 6?
0
What is the value of 10 + (0 + -1 - 6 - -1)?
4
Evaluate 8 + -1 + -5 - (0 + 6).
-4
What is the value of -1 + -2 + -1 + (-1 - -1)?
-4
What is -1 - (-6 + (8 - 5))?
2
What is 1 + 2 + (3 - 7 - -3)?
2
What is -21 + 20 - (-1 - (-2 - 0))?
-2
(6 - (-1 - -2)) + (62 - 63)
4
Evaluate -6 - ((2 - 10) + -3 + 9).
-4
What is 8 + 6 + -8 + -12?
-6
What is (7 - 9) + 0 + -1?
-3
0 - (-3 + 10 - 15)
8
What is 0 + 1 + -7 + 8?
2
Calculate 2 - (-8 - -6 - (5 - 5)).
4
Calculate -4 - ((-3 - 2) + (11 - 9)).
-1
(3 - 2) + (0 - -4)
5
What is 0 + (1 - 10) - (42 + -45)?
-6
What is (-9 - -17) + 8 - 8?
8
Evaluate -3 + -2 + -2 - -3 - 0.
-4
What is the value of -1 + 3 + -14 + 17?
5
What is (1 - -4) + 30 + -32?
3
What is -2 + (-6 - (2 - 7)) + 4?
1
Calculate 0 + (-2 - -1) - (-4 - -3).
0
(-5 - -6 - -6) + -2
5
Calculate 0 - -3 - ((-2 - 2) + 2).
5
What is the value of (-4 - -1) + 3 + (-5 - -5)?
0
Calculate -4 - (8 + -11 + -5 + -1).
5
What is (0 - 5) + 0 + -3 + 3?
-5
What is the value of 18 - ((9 - 7) + 9)?
7
What is -3 + -3 + 6 - 2?
-2
What is the value of -3 - (0 - (0 + 1))?
-2
-2 - -13 - (25 - 18)
4
Calculate 2 + (1 - 2) - (-1 + -1).
3
What is the value of (-2 - (0 + -2)) + -5?
-5
-6 + 4 + 0 + -2 + 0
-4
-1 - (-2 - (2 + -4)) - 3
-4
1 + (-1 - -2) + 27 + -35
-6
What is the value of -1 - (1 + -11 + 5)?
4
6 + (3 - (5 - 6 - -10))
0
What is the value of -38 + 35 + (0 + 3 - 2)?
-2
What is -4 + (-1 - -3) - 2?
-4
What is the value of 13 + 0 + (15 - 0) + -18?
10
Wh